at is the highest common factor of 336 and 92089224?
24
What is the highest common factor of 2337589 and 26125?
19
What is the highest common divisor of 485697 and 34694?
19
What is the greatest common divisor of 51 and 4024019?
17
Calculate the highest common divisor of 72250 and 10342250.
250
What is the highest common factor of 21565886 and 33952?
2122
What is the highest common factor of 51739976 and 612?
68
What is the highest common divisor of 475 and 1229680?
95
What is the highest common factor of 2052 and 17566659?
513
Calculate the highest common factor of 747282 and 1044258.
1614
Calculate the greatest common factor of 130 and 1249744730.
130
Calculate the greatest common factor of 32198529 and 387.
129
Calculate the highest common divisor of 31410 and 426286050.
10470
Calculate the greatest common factor of 100872 and 4842.
18
What is the highest common factor of 122952 and 3525?
141
What is the highest common divisor of 256481 and 9785?
19
Calculate the highest common factor of 39104 and 78259324.
2444
Calculate the highest common divisor of 154903 and 560.
7
What is the greatest common divisor of 757411 and 888187?
5449
Calculate the greatest common divisor of 85432 and 1082768.
472
Calculate the greatest common factor of 2343263 and 135995.
461
Calculate the greatest common factor of 392080 and 8080.
80
What is the highest common factor of 2771 and 31740827?
163
What is the greatest common factor of 1076655 and 255?
15
What is the greatest common factor of 27419376 and 96?
48
Calculate the greatest common divisor of 2720272 and 7672.
1096
Calculate the highest common factor of 321840900 and 24.
12
What is the greatest common divisor of 722 and 793098?
38
Calculate the greatest common divisor of 1868 and 644160653.
467
Calculate the greatest common divisor of 725 and 1658153300.
725
Calculate the greatest common factor of 585 and 89685.
45
Calculate the highest common factor of 747 and 16973168.
83
Calculate the highest common divisor of 24397 and 246331.
787
Calculate the highest common divisor of 27622 and 188020.
14
Calculate the highest common divisor of 176 and 4500441.
11
What is the greatest common factor of 636 and 32899644?
636
What is the greatest common divisor of 5 and 292027355?
5
Calculate the greatest common divisor of 11 and 441299749.
11
What is the highest common factor of 2195637 and 3441?
93
Calculate the greatest common divisor of 54112 and 58368.
608
What is the highest common factor of 1602 and 214830?
18
What is the highest common factor of 3504 and 7358838?
438
Calculate the highest common factor of 1043224160 and 110.
110
Calculate the greatest common factor of 7 and 10112753.
7
What is the greatest common divisor of 660 and 5816415?
165
Calculate the highest common factor of 136 and 202673694.
34
Calculate the highest common factor of 5383 and 1498012.
769
Calculate the highest common divisor of 31037910 and 30.
30
What is the greatest common divisor of 491 and 19481898?
491
What is the greatest common factor of 178125 and 1742775?
1425
Calculate the greatest common factor of 3 and 12921719.
1
Calculate the highest common factor of 104 and 11625107.
13
What is the highest common factor of 3035334 and 26226?
186
Calculate the highest common divisor of 576 and 3939136.
64
What is the greatest common divisor of 42 and 249970?
14
Calculate the greatest common factor of 1095040 and 11426.
58
What is the greatest common factor of 577158 and 34689?
93
What is the highest common divisor of 315772 and 112852?
356
Calculate the greatest common divisor of 33 and 60452909.
11
Calculate the highest common factor of 271844790 and 17850.
3570
What is the greatest common divisor of 34448425 and 21660?
1805
Calculate the highest common factor of 62237 and 54842.
17
What is the greatest common divisor of 179501861 and 5302?
2651
Calculate the greatest common factor of 14272 and 81618.
446
What is the highest common factor of 141658 and 1029281?
1507
What is the greatest common factor of 19656 and 259224?
168
Calculate the greatest common factor of 126067892 and 12.
4
Calculate the highest common divisor of 6437337 and 3.
3
What is the highest common factor of 37827 and 176993?
467
Calculate the greatest common divisor of 414 and 11776092.
138
Calculate the highest common divisor of 58510024 and 2221.
2221
What is the highest common factor of 16621780 and 460?
20
What is the highest common divisor of 926 and 1009154800?
926
Calculate the greatest common factor of 84 and 46698988.
28
Calculate the highest common divisor of 6851076 and 1247.
29
What is the highest common divisor of 4582 and 9593432?
58
What is the greatest common factor of 4200 and 293936?
8
What is the greatest common divisor of 14684120 and 4048?
2024
What is the greatest common factor of 106215777 and 27?
9
Calculate the highest common divisor of 330 and 91433991.
33
Calculate the greatest common divisor of 274009508 and 2216.
1108
Calculate the highest common factor of 774 and 1943256.
258
Calculate the greatest common factor of 910729 and 223317.
919
What is the highest common factor of 1848 and 42937125?
231
What is the greatest common divisor of 5920 and 19973858?
74
What is the highest common divisor of 1409519144 and 13024?
3256
What is the highest common factor of 27218331 and 27?
9
What is the highest common divisor of 82135000 and 4375?
625
Calculate the highest common factor of 3470 and 933430.
3470
Calculate the greatest common divisor of 53952 and 803660.
1124
What is the greatest common divisor of 289794 and 3426?
6
Calculate the highest common factor of 1399200 and 9300.
300
Calculate the highest common factor of 120 and 17149195.
5
Calculate the highest common divisor of 2913 and 11504408.
971
What is the highest common divisor of 1888 and 82541?
59
Calculate the highest common factor of 653375 and 150.
25
Calculate the greatest common divisor of 796869 and 629.
37
Calculate the highest common factor of 1027 and 33642703.
79
Calculate the greatest common divisor of 1304796955 and 385.
385
What is the highest common factor of 8 and 237121316?
4
Calculate the greatest common divisor of 2809136 and 2662.
242
Calculate the greatest common divisor of 759 and 44573793.
759
What is the highest common factor of 28251 and 86817?
129
What is the highest common factor of 326277670 and 2360?
590
What is the greatest common divisor of 16406905 and 5285?
755
What is the highest common divisor of 67 and 390679?
1
Calculate the highest common factor of 4 and 30028972.
4
What is the highest common divisor of 895125 and 7392?
231
Calculate the highest common factor of 37352212 and 8.
4
What is the highest common factor of 7464840 and 320?
40
What is the greatest common divisor of 264032472 and 464?
232
What is the highest common factor of 4045512 and 2124?
708
What is the highest common divisor of 462110 and 3685?
55
What is the highest common divisor of 34521 and 821040?
933
Calculate the greatest common factor of 17129016 and 48.
24
What is the highest common divisor of 10968516 and 138?
138
What is the greatest common divisor of 452325 and 51225?
75
What is the highest common factor of 20568 and 432532185?
2571
Calculate the greatest common factor of 3719534 and 294.
14
What is the highest common factor of 386920235 and 13?
13
What is the highest common factor of 7010849 and 14147?
2021
What is the highest common factor of 24456482 and 740?
74
Calculate the highest common divisor of 16300076 and 113152.
884
Calculate the greatest common divisor of 136457 and 62.
1
What is the highest common divisor of 383716290 and 45?
15
What is the greatest common divisor of 87 and 13187315?
29
What is the greatest common factor of 6861776 and 3403?
83
What is the greatest common divisor of 385 and 5518315?
55
Calculate the greatest common factor of 18 and 16613238.
6
What is the highest common divisor of 246885 and 85674?
327
Calculate the highest common divisor of 3278 and 550084458.
3278
Calculate the highest common divisor of 290524793 and 13.
13
Calculate the highest common factor of 174494658 and 1164.
582
Calculate the highest common divisor of 735 and 2341708530.
735
What is the highest common divisor of 17412 and 6444?
12
What is the greatest common facto